847 a prime number?
True
Is 65027 a composite number?
False
Is 11359 prime?
False
Is 19207 a prime number?
True
Is 47371 composite?
True
Is 32989 a composite number?
True
Is 317 a prime number?
True
Is 308657 a composite number?
True
Is 4721 a composite number?
False
Is 99001 a prime number?
False
Is 751 prime?
True
Is 103627 composite?
True
Is 70102 composite?
True
Is 2453 prime?
False
Is 682511 a composite number?
False
Is 39157 composite?
False
Is 148829 composite?
False
Is 11027 a prime number?
True
Is 7441 composite?
True
Is 90499 composite?
False
Is 631555 composite?
True
Is 407501 a composite number?
False
Is 96553 prime?
True
Is 5981 a composite number?
False
Is 162589 composite?
True
Is 1618 composite?
True
Is 276079 a composite number?
False
Is 65866 a prime number?
False
Is 96043 composite?
False
Is 1491527 a prime number?
False
Is 76871 composite?
False
Is 269877 composite?
True
Is 17953 composite?
True
Is 509533 a prime number?
False
Is 34199 composite?
True
Is 556021 composite?
False
Is 36401 a prime number?
False
Is 215567 prime?
False
Is 14995 prime?
False
Is 400763 prime?
False
Is 20017 composite?
True
Is 751 composite?
False
Is 797 a composite number?
False
Is 1659043 a composite number?
True
Is 1450819 composite?
False
Is 9527 composite?
True
Is 2497 composite?
True
Is 394861 a composite number?
False
Is 522037 prime?
True
Is 134581 a prime number?
True
Is 59069 a composite number?
False
Is 1474157 prime?
False
Is 24061 composite?
False
Is 3967 prime?
True
Is 8779 a prime number?
True
Is 22861 a composite number?
False
Is 915451 prime?
True
Is 12197 a composite number?
False
Is 352883 composite?
False
Is 6269 a composite number?
False
Is 233969 composite?
False
Is 7297 a prime number?
True
Is 1570109 composite?
True
Is 16151 composite?
True
Is 15659 composite?
True
Is 42963 a composite number?
True
Is 409 a composite number?
False
Is 103337 a composite number?
True
Is 451013 prime?
True
Is 12029 prime?
False
Is 8623 composite?
False
Is 4421 a prime number?
True
Is 18517 a composite number?
False
Is 230807 a prime number?
True
Is 39659 a prime number?
True
Is 29993 a prime number?
False
Is 120895 prime?
False
Is 468721 prime?
False
Is 1943 a prime number?
False
Is 597473 a prime number?
True
Is 864319 a prime number?
True
Is 108631 a prime number?
True
Is 11369 prime?
True
Is 18769 composite?
True
Is 997141 a prime number?
True
Is 687851 a composite number?
True
Is 2243309 prime?
True
Is 1847 a composite number?
False
Is 18461 a composite number?
False
Is 7710149 prime?
True
Is 1390123 composite?
True
Is 114371 a prime number?
True
Is 931641 composite?
True
Is 41843 prime?
True
Is 954359 a prime number?
False
Is 1352647 a prime number?
False
Is 424703 a composite number?
True
Is 17557 composite?
True
Is 749 a composite number?
True
Is 43313 composite?
False
Is 7993 a composite number?
False
Is 8269 composite?
False
Is 72953 composite?
False
Is 26023 a composite number?
True
Is 1907 a prime number?
True
Is 669907 prime?
False
Is 13303 a composite number?
True
Is 1970567 a prime number?
True
Is 759491 composite?
False
Is 2769661 a prime number?
False
Is 11459 composite?
True
Is 30017 composite?
True
Is 324503 composite?
False
Is 13751 a composite number?
False
Is 542371 composite?
False
Is 6074 prime?
False
Is 139091 prime?
True
Is 117601 prime?
False
Is 19531 a composite number?
False
Is 319427 a composite number?
False
Is 201 composite?
True
Is 197059 prime?
True
Is 265241 a prime number?
True
Is 3557 a composite number?
False
Is 45523 prime?
True
Is 28727 a prime number?
False
Is 3197 a composite number?
True
Is 28993 a prime number?
False
Is 9649 prime?
True
Is 48221 prime?
True
Is 119 prime?
False
Is 343927 a composite number?
True
Is 9511 prime?
True
Is 66683 prime?
True
Is 908477 prime?
False
Is 28803 a prime number?
False
Is 250889 prime?
True
Is 342217 prime?
False
Is 38033 composite?
True
Is 290399 composite?
False
Is 17837 composite?
False
Is 1972403 prime?
False
Is 58511 a prime number?
True
Is 1585 a prime number?
False
Is 144617 composite?
True
Is 227455 prime?
False
Is 63611 composite?
False
Is 1069 a composite number?
False
Is 119921 composite?
False
Is 103399 a composite number?
False
Is 381 prime?
False
Is 1489441 composite?
False
Is 733 prime?
True
Is 19567 composite?
True
Is 225143 composite?
False
Is 31103 prime?
False
Is 72211 a prime number?
True
Is 6119 a composite number?
True
Is 33 composite?
True
Is 31987 a composite number?
True
Is 13793 prime?
False
Is 200699 a composite number?
False
Is 41219 composite?
True
Is 14597 prime?
False
Is 45515 a prime number?
False
Is 462361 composite?
False
Is 135959 a prime number?
False
Is 572993 a composite number?
False
Is 218217 composite?
True
Is 31427 a prime number?
False
Is 101159 prime?
True
Is 48437 a composite number?
False
Is 6017 a composite number?
True
Is 1101761 a prime number?
True
Is 2503 composite?
False
Is 2767 a prime number?
True
Is 72419 prime?
False
Is 3337 prime?
False
Is 12667 a prime number?
False
Is 6457 a prime number?
False
Is 61331 composite?
False
Is 12361 composite?
True
Is 116837 composite?
True
Is 5592109 a prime number?
False
Is 713 composite?
True
Is 487873 a prime number?
True
Is 8787569 composite?
True
Is 649739 a composite number?
False
Is 490207 a composite number?
False
Is 34841 prime?
True
Is 1718245 prime?
False
Is 30307 composite?
False
Is 180413 composite?
False
Is 7022 a prime number?
False
Is 50221 a prime number?
True
Is 78763 a composite number?
True
Is 1799563 a prime number?
True
Is 448993 composite?
False
Is 56629 composite?
False
Is 2497 a composite number?
True
Is 357377 prime?
True
Is 1195 prime?
False
Is 15013 prime?
True
Is 441553 a prime number?
False
Is 4327 a prime number?
True
Is 401815 a composite number?
True
Is 488933 composite?
True
Is 157331 a prime number?
False
Is 25103 composite?
True
Is 100321 a composite number?
True
Is 10717 a prime number?
False
Is 76181 composite?
True
Is 147619 prime?
False
Is 191 composite?
False
Is 106481 prime?
False
Is 84815 composite?
True
Is 2788199 a composite number?
False
Is 316631 a composite number?
True
Is 1272626 prime?
False
Is 4721 a composite number?
False
Is 56113 a prime number?
True
Is 7655 a composite number?
True
Is 130387 a composite number?
True
Is 321359 composite?
False
Is 15641 a composite number?
False
Is 106903 a composite number?
False
Is 75583 prime?
True
Is 4861 a prime number?
True
Is 119953 composite?
False
Is 35759 a composite number?
False
Is 95063 a prime number?
True
Is 4191217 a composite number?
False
Is 221041 prime?
False
Is 7219 composite?
False
Is 10973 a prime number?
True
Is 7733771 composite?
False
Is 426833 a composite number?
True
Is 7646 prime?
False
Is 469453 a prime number?
False
Is 6389 composite?
False
Is 79159 a prime number?
True
Is 78059 composite?
False
Is 22947 prime?
False
Is 114805 composite?
True
Is 141745 a composite number?
True
Is 33827 prime?
True
Is 41281 composite?
False
Is 32363 a prime number?
True
Is 4831 prime?
True
Is 2929 a composite number?
True
Is 4555 prime?
False
Is 37957 prime?
True
Is 112397 a prime number?
True
Is 74747 a composite number?
False
Is 643493 a composite number?
False
Is 1145621 a composite number?
False
Is 16273 composite?
False
Is 1216317 a prime number?
False
Is 265957 a prime number?
True
Is 60737 a composite number?
False
Is 5891 a composite number?
True
Is 15497 a prime number?
True
Is 1727305 prime?
False
Is 51763 composite?
True
Is 444685 composite?
True
Is 585953 a composite number?
False
Is 1211 a composite number?
True
Is 889 a prime number?
False
Is 40577 a composite number?
False
Is 315311 a composite number?
True
Is 1777 prime?
True
Is 59441 composite?
False
Is 1499 a prime number?
True
Is 429062 a prime number?
False
Is 2626967 a composite number?
True
Is 2094203 composite?
False
Is 1973 a composite number?
False
Is 182701 prime?
True
Is 8779 a composite number?
False
Is 40109 a prime number?
False
Is 1117 prime?
True
Is 1047341 a composite number?
False
Is 2741 composite?
False
Is 1139 prime?
False
Is 458105 a composite number?
True
Is 41929 prime?
False
Is 46091 composite?
False
Is 15187 a composite number?
False
Is 27049 composite?
True
Is 259949 a prime number?
